 is the tens digit of 2688?
8
What is the hundreds digit of 2144?
1
What is the units digit of 11916?
6
What is the thousands digit of 1349?
1
What is the hundreds digit of 90733?
7
What is the units digit of 2809?
9
What is the units digit of 6102?
2
What is the thousands digit of 5404?
5
What is the hundreds digit of 387?
3
What is the thousands digit of 2419?
2
What is the thousands digit of 5841?
5
What is the thousands digit of 67620?
7
What is the units digit of 195?
5
What is the units digit of 68?
8
What is the hundreds digit of 456?
4
What is the tens digit of 1450?
5
What is the units digit of 13654?
4
What is the tens digit of 1956?
5
What is the hundreds digit of 7357?
3
What is the units digit of 2651?
1
What is the tens digit of 2642?
4
What is the hundreds digit of 223?
2
What is the thousands digit of 39275?
9
What is the units digit of 1200?
0
What is the hundred thousands digit of 126852?
1
What is the hundreds digit of 938?
9
What is the ten thousands digit of 29192?
2
What is the tens digit of 7814?
1
What is the tens digit of 8815?
1
What is the thousands digit of 90026?
0
What is the hundreds digit of 404?
4
What is the hundreds digit of 3010?
0
What is the thousands digit of 6167?
6
What is the thousands digit of 3937?
3
What is the hundreds digit of 5797?
7
What is the units digit of 1368?
8
What is the tens digit of 10084?
8
What is the units digit of 39?
9
What is the units digit of 452?
2
What is the hundreds digit of 550?
5
What is the tens digit of 1895?
9
What is the units digit of 111614?
4
What is the thousands digit of 57240?
7
What is the hundreds digit of 919?
9
What is the tens digit of 511?
1
What is the thousands digit of 5308?
5
What is the units digit of 5?
5
What is the hundreds digit of 1380?
3
What is the thousands digit of 1861?
1
What is the thousands digit of 40969?
0
What is the hundreds digit of 5462?
4
What is the hundreds digit of 535?
5
What is the ten thousands digit of 42036?
4
What is the tens digit of 370?
7
What is the thousands digit of 6262?
6
What is the ten thousands digit of 38173?
3
What is the ten thousands digit of 21757?
2
What is the hundreds digit of 5319?
3
What is the tens digit of 8823?
2
What is the units digit of 12191?
1
What is the hundreds digit of 2057?
0
What is the units digit of 12684?
4
What is the tens digit of 2904?
0
What is the thousands digit of 1542?
1
What is the tens digit of 1396?
9
What is the thousands digit of 1938?
1
What is the hundreds digit of 5540?
5
What is the tens digit of 21457?
5
What is the hundreds digit of 80205?
2
What is the thousands digit of 3722?
3
What is the thousands digit of 65989?
5
What is the thousands digit of 69629?
9
What is the units digit of 640?
0
What is the units digit of 2721?
1
What is the ten thousands digit of 36834?
3
What is the hundreds digit of 3870?
8
What is the units digit of 178?
8
What is the ten thousands digit of 18347?
1
What is the tens digit of 19974?
7
What is the hundreds digit of 129?
1
What is the tens digit of 557?
5
What is the tens digit of 6390?
9
What is the ten thousands digit of 24595?
2
What is the thousands digit of 23922?
3
What is the tens digit of 3025?
2
What is the units digit of 71962?
2
What is the units digit of 13862?
2
What is the thousands digit of 12389?
2
What is the ten thousands digit of 35280?
3
What is the thousands digit of 3383?
3
What is the ten thousands digit of 38384?
3
What is the units digit of 26749?
9
What is the units digit of 8282?
2
What is the tens digit of 2022?
2
What is the tens digit of 8722?
2
What is the units digit of 84?
4
What is the thousands digit of 119897?
9
What is the ten thousands digit of 18140?
1
What is the hundreds digit of 7056?
0
What is the ten thousands digit of 63557?
6
What is the hundreds digit of 18618?
6
What is the units digit of 17179?
9
What is the tens digit of 7153?
5
What is the tens digit of 28054?
5
What is the units digit of 10222?
2
What is the units digit of 1206?
6
What is the units digit of 25073?
3
What is the thousands digit of 63273?
3
What is the tens digit of 35590?
9
What is the tens digit of 175?
7
What is the tens digit of 1810?
1
What is the ten thousands digit of 15592?
1
What is the tens digit of 2703?
0
What is the tens digit of 1343?
4
What is the tens digit of 4835?
3
What is the hundreds digit of 1782?
7
What is the units digit of 49945?
5
What is the thousands digit of 15482?
5
What is the tens digit of 2193?
9
What is the ten thousands digit of 25544?
2
What is the hundreds digit of 350?
3
What is the ten thousands digit of 41932?
4
What is the thousands digit of 9958?
9
What is the hundreds digit of 6022?
0
What is the hundreds digit of 8480?
4
What is the hundreds digit of 1997?
9
What is the units digit of 826?
6
What is the thousands digit of 18918?
8
What is the units digit of 45062?
2
What is the ten thousands digit of 23662?
2
What is the units digit of 11412?
2
What is the hundreds digit of 16212?
2
What is the hundreds digit of 3186?
1
What is the thousands digit of 12064?
2
What is the thousands digit of 1164?
1
What is the tens digit of 2252?
5
What is the tens digit of 2085?
8
What is the tens digit of 543?
4
What is the tens digit of 84190?
9
What is the ten thousands digit of 33791?
3
What is the units digit of 52657?
7
What is the hundreds digit of 11075?
0
What is the units digit of 2798?
8
What is the ten thousands digit of 13566?
1
What is the hundreds digit of 328?
3
What is the tens digit of 291?
9
What is the tens digit of 57847?
4
What is the hundreds digit of 560?
5
What is the units digit of 62385?
5
What is the hundreds digit of 1720?
7
What is the hundreds digit of 122933?
9
What is the hundreds digit of 26029?
0
What is the units digit of 212?
2
What is the hundreds digit of 40796?
7
What is the units digit of 3817?
7
What is the tens digit of 2880?
8
What is the tens digit of 31676?
7
What is the thousands digit of 3686?
3
What is the thousands digit of 2093?
2
What is the units digit of 31547?
7
What is the tens digit of 14636?
3
What is the ten thousands digit of 12733?
1
What is the tens digit of 1339?
3
What is the hundreds digit of 2048?
0
What is the tens digit of 805?
0
What is the hundreds digit of 1788?
7
What is the thousands digit of 1014?
1
What is the hundreds digit of 971?
9
What is the ten thousands digit of 64039?
6
What is the hundreds digit of 35221?
2
What is the hundreds digit of 3950?
9
What is the thousands digit of 2038?
2
What is the hundreds digit of 1879?
8
What is the hundreds digit of 502?
5
What is the tens digit of 1417?
1
What is the thousands digit of 10405?
0
What is the thousands digit of 1331?
1
What is the hundreds digit of 172628?
6
What is the thousands digit of 34925?
4
What is the units digit of 115?
5
What is the units digit of 1346?
6
What is the tens digit of 200?
0
What is the tens digit of 403?
0
What is the hundreds digit of 103825?
8
What is the hundreds digit of 1294?
2
What is the tens digit of 681?
8
What is the tens digit of 2846?
4
What is the hundred thousands digit of 166793?
1
What is the hundreds digit of 630?
6
What is the units digit of 43634?
4
What is the tens digit of 129675?
7
What is the units digit of 843?
3
What is the tens digit of 991?
9
What is the thousands digit of 14561?
4
What is the tens digit of 2213?
1
What is the hundreds digit of 154?
1
What is the hundreds digit of 243?
2
What is the ten thousands digit of 28920?
2
What is the units digit of 24297?
7
What is the tens digit of 71003?
0
What is the ten thousands digit of 24976?
2
What is the hundreds digit of 5627?
6
What is the units digit of 1196?
6
What is the units digit of 173431?
1
What is the hundreds digit of 16981?
9
What is the hundreds digit of 22747?
7
What is the thousands digit of 1732?
1
What is the units digit of 951?
1
What is the units digit of 62989?
9
What is the units digit of 358?
8
What is the units digit of 69103?
3
What is the hundreds digit of 917?
9
What is the units digit of 21388?
8
What is the units digit of 3232?
2
What is the units digit of 4640?
0
What is the tens digit of 685?
8
What is the hundreds digit of 592?
5
What is the tens digit of 4935?
3
What is the units digit of 3130?
0
What is the thousands digit o